47
Let o = -11 - -8. Let f = -6 - o. Let i = 6 + f. What are the prime factors of i?
3
Let s = 9 - 7. What are the prime factors of ((-44)/(-6))/(s/3)?
11
Suppose -4*r - 3*b = -691, -3*r + 531 = -4*b + 2*b. Suppose 4*j + r + 157 = 4*x, 5*x = -4*j + 433. Suppose -h + 6*h = x. What are the prime factors of h?
17
Let m(s) = -s**3 - 11*s**2 - 9*s + 6. Let t be m(-10). What are the prime factors of 2/(-4)*t - -13?
3, 5
Suppose 10 = 3*m - 41. List the prime factors of m.
17
Let m(s) = 6*s**2 + 4*s. Let k be m(-3). Suppose -2*t = 2*h - t - 3, t + 3 = h. Suppose h*a + a = k. What are the prime factors of a?
2, 7
Let p be 6/(-21) + (-4)/(-14). Let t(w) = 10*w**2 - 3*w - 1. Let q be t(-1). Suppose z + p*z = q. What are the prime factors of z?
2, 3
Suppose -3*j - 158 = o - 3*o, -158 = -2*o - 3*j. What are the prime factors of o?
79
Let n(p) = -3*p - 6. Let o be (1 - 2/4)*-12. What are the prime factors of n(o)?
2, 3
Suppose 4*i - 5 = 3. Let g(o) = -5*o. Let l be g(i). Let v = 0 - l. List the prime factors of v.
2, 5
Let s = 1 - -12. Let t = s + -7. What are the prime factors of 1/t + (-177)/(-18)?
2, 5
List the prime factors of 12/(-15)*(-35)/2.
2, 7
Let r = 15 + -6. Suppose 31 = i + r. What are the prime factors of (i/(-4))/((-2)/4)?
11
Let d(c) = -c**3 + 5*c**2 + 3*c - 3. Let r be d(5). Let z(v) = -r + 5*v**2 + 8*v + 12 - v**3. What are the prime factors of z(6)?
2, 3
Suppose -120 = -2*o - 4*f, -2*o = 2*o + 3*f - 250. List the prime factors of o.
2
Let s(x) = 3 + 9 + x**2 - 2*x**2. Suppose w = 2*q + 3, -5*w + 15 = q - 0. What are the prime factors of s(q)?
2, 3
Let j = 110 - 63. List the prime factors of j.
47
Let p(o) be the first derivative of -o**3/3 - 5*o**2 + o - 3. What are the prime factors of p(-7)?
2, 11
Let t(b) = 92*b + 1. What are the prime factors of t(1)?
3, 31
Suppose i + 0 - 2 = 0. Let j = i + -5. Let l = j + 6. List the prime factors of l.
3
Suppose -345 = 3*x - 6*x. Suppose -2*a - 3*r + 87 = 10, x = 3*a + 5*r. What are the prime factors of a?
2, 5
Suppose -2*v + 0*v + 3*u = -2, 2*v - 5*u = -2. Suppose -2*c + 53 = -5*m, v*m = -c + 2*m + 13. What are the prime factors of c?
19
Suppose -5*a = -y + 25, 16 + 67 = 4*y - 3*a. List the prime factors of y.
2, 5
Let x(r) be the first derivative of -r**4/4 - 4*r**3/3 - r**2 + r + 2. List the prime factors of x(-4).
3
Let w be (8 - 1)/(2/4). Suppose -3*f + w = 41. Let u(s) = s**2 + 9*s + 8. List the prime factors of u(f).
2
Let f(w) = -w - 1. Suppose -y + 0 = -m - 4, 0 = 3*m. Suppose -2*s = -j + y, 6*s = s + j - 16. What are the prime factors of f(s)?
3
Let a(x) = 5*x - 6. Let q be a(-5). Let v = 70 + q. List the prime factors of v.
3, 13
Suppose -r + 2*g + 4 = -6, -2*g - 22 = -4*r. Let c be (-2 - -3)*59*1. Suppose 0 = 4*o + v - c, 3*o + o = r*v + 44. What are the prime factors of o?
2, 7
Let q = -5 - -8. Let y(p) = -4*p + 8. Let z be y(-9). Suppose q*k = 0, 0 = -0*n - 4*n + 4*k + z. List the prime factors of n.
11
Let t(s) = s - 3. Let w(n) = -n - 1. Suppose -3*j = 2*j + 5. Let q(g) = j*t(g) + 4*w(g). What are the prime factors of q(-1)?
2
Suppose -5*r + 20 = 3*o, -16 = -0*o + 3*o - 4*r. Suppose -4*b + 0 + 8 = o. Suppose 2*g - 16 = f, 10 = -2*f + b. List the prime factors of g.
2, 3
Let g(k) = -k - 1. Let v be g(-5). Suppose -55 = -z - v*z. What are the prime factors of z?
11
Suppose 0 = -v - u + 55, 2*u - 10 = -0*u. List the prime factors of v.
2, 5
Let l(h) = -4 - h + 1 + 2*h + 2. List the prime factors of l(6).
5
Suppose 3*t = 7*t. Suppose -2 + t = -y. What are the prime factors of y?
2
Let m be 1 + -1*(-3 - -1). Suppose -2*c + 54 = 3*h - c, 4*h - 77 = -m*c. What are the prime factors of h?
17
List the prime factors of (-5)/(-20) - (0 - 3729/12).
311
List the prime factors of (-1 - 2) + (-412)/(-2 + -2).
2, 5
Suppose 4*h + 12 = 0, 4*j + 5*h + 10 = -13. Let p(d) = d**3 - 6*d**2 - d + 5. Let f be p(6). What are the prime factors of -3*j/(0 - f)?
2, 3
Let z(g) = -g + 2. Let m be z(0). Suppose -m*u + 16 = 2*u. Let b = 6 - u. What are the prime factors of b?
2
Suppose -2*q = -0*q - 36. Let v = -16 - -17. Suppose 3*t = -4*r + q, 3*r = 7*t - 3*t + v. List the prime factors of r.
3
Suppose 4*u = 3 + 101. Suppose 5*v + b - 25 = 0, 0 = -2*v + 2*b - 2 - 0. Suppose 4*a + 20 = v*l, -4*l = -0*l - a - u. What are the prime factors of l?
7
Let f = -18 - -30. List the prime factors of 218/f - 3/18.
2, 3
Let u be 304/40 - (-3)/(-5). Let t(h) = h + 9. List the prime factors of t(u).
2
Let m be 2/8 + (-286)/(-8). Let u = -18 + m. Let c = 0 + u. What are the prime factors of c?
2, 3
Let p(f) = f**3 + 6*f**2 - 2*f - 9. List the prime factors of p(-6).
3
Suppose 0 = -7*n + 3*n + 24. List the prime factors of (1*n)/(2/3).
3
Suppose 0 = i + 2*h - 1, 0*h - 3 = -i - h. Suppose 8 = n - 2*z, -i*n = 2*z + z - 66. Suppose 2*f + 0*f - n = 0. List the prime factors of f.
2, 3
Let j = 6 - 13. Let c = 26 + j. What are the prime factors of c?
19
Let v(l) = 2*l**3 + 2*l**2 - 1. Let i = 1 + -3. Let j be v(i). List the prime factors of (-18)/3*24/j.
2
Let l = -52 - -88. List the prime factors of l.
2, 3
Let k = -5 + 9. Suppose -k*u + 0*u + 34 = -3*c, -16 = -2*u + 2*c. List the prime factors of u.
2, 5
Let l = 10 + -10. Suppose l = -o - 1 + 9. List the prime factors of o.
2
Suppose -4*k = 4*o - 24, -2*o - 4*k + 6 = -0*o. What are the prime factors of o?
3
Let c(h) = 2*h**3 - 4*h**2 - 8*h + 2. What are the prime factors of c(6)?
2, 11
Let s be (-267)/(-39) - (-4)/26. Let a(r) = -3 + 0 + 2 + s*r. List the prime factors of a(2).
13
Suppose -3*p + 118 = -4*w, 3*p - 122 = 2*w + 3*w. List the prime factors of p.
2, 17
Let l = -50 + 16. Let f = 66 + l. List the prime factors of f.
2
Suppose 2*d = -3*s + 4*d + 331, -5*d + 535 = 5*s. List the prime factors of s.
109
Let w(l) = l**2 - 8*l + 4. Let d be w(8). Suppose 3*v = -5*y + 2, -d*y + 3*y - 2 = 0. What are the prime factors of v?
2
Suppose -4*g + 62 = 4*l - 3*g, 3*g = -5*l + 81. Let i = 38 - l. Let o = i - 14. List the prime factors of o.
3
Let c = 42 - 6. What are the prime factors of c?
2, 3
Suppose 9 - 3 = 3*i. Suppose f + i*f = 18. List the prime factors of f.
2, 3
Suppose -2*w + 32 = 5*r - 8, 3*r - 24 = -3*w. Let x be 1/(-5) + 144/(-30). Let y = r + x. What are the prime factors of y?
3
Let m = -56 + 94. List the prime factors of m.
2, 19
Let c = -36 - -116. List the prime factors of c.
2, 5
Let q(g) = -6*g - 11. Let k be q(-12). Let y = -27 + k. What are the prime factors of y?
2, 17
Let u(z) = 5*z - 13. List the prime factors of u(10).
37
Suppose -2*h = -4*g + 3 - 1, 2*h = -3*g - 2. Suppose -4*a = -2*o - 22, 3*o - 7 = -4*a - g. List the prime factors of a.
2
Suppose 3*a - s = 59, -3*s - 61 = -3*a - s. List the prime factors of a.
19
Suppose 3*x - 2*y - 148 = 0, 3*y = 5*x + y - 252. What are the prime factors of x?
2, 13
Suppose 54 = 2*v + 6. Suppose d = 26 + v. What are the prime factors of d?
2, 5
Suppose 2*k = -2 - 2. Let q be (-2 + (-5)/k)*4. Suppose -d - 3 = q*z, 0*z = 3*d + 4*z + 3. List the prime factors of d.
3
Let c(a) = a**3 + 3*a**2 - 1. Let y be c(-2). Suppose 0 = y*d + 3*x - 30, 3*x + 0 = -3. List the prime factors of d.
11
Let c(m) = 2*m - 1. Let d be c(1). What are the prime factors of 21 - d - (-8 + 8)?
2, 5
Let d = 161 + -91. What are the prime factors of d?
2, 5, 7
List the prime factors of 2 + 218/1*1.
2, 5, 11
Let c(j) = -10*j + 1 + 6*j + 2 + 5*j. What are the prime factors of c(14)?
17
Let y be 0 + 1 + -2 + 7. Let v be 8 + -11 - 6/1. What are the prime factors of y/v + (-17)/(-3)?
5
Let w(q) = 3*q - 9. List the prime factors of w(10).
3, 7
Let p(k) = k**2 + 6*k - 4. Let q be p(-9). Let v be q/3 - (-2)/6. Suppose r + 3*r - v = 0. List the prime factors of r.
2
Suppose 0 = 4*o - 7 + 3. Let a be -1*(o + -1)/2. Suppose a = -4*m + 56. What are the prime factors of m?
2, 7
Let q(j) = 4*j**3 - j + 2. Suppose -6 + 2 = -2*f. Let r be q(f). Suppose m + 3*m = r. What are the prime factors of m?
2
Suppose 5*d - 138 = -q, -4*d = -5*d + q + 30. Let r = -13 + d. What are the prime factors of 200/r + 2/(-6)?
13
Suppose 1 - 3 = -q. Suppose -q*y + 47 = 5*c - 2*c, 26 = 2*y - 4*c. List the prime factors of y.
19
Let s(l) = -l - 4. Let v be s(-2). Let n be (-2)/v*21/1. Let f = n - 15. What are the prime factors of f?
2, 3
Suppose 3*w - 4*x + 12 = -x, -4*x = -w + 5. Let g = -2 